a and 27?
3
Let o be -3 - (-2 + -1)*2. Let u be (o/(-9))/((-5)/75). Suppose -2*c + u*g = 1, 3 = g + 2*g. What is the greatest common factor of c and 20?
2
Let q be (-2)/(-5) + (-283)/(-5). Let w(s) = 3*s**3 + 2*s**2 + s - 1. Let o be w(1). Suppose -o*y + y = -152. What is the highest common factor of q and y?
19
Suppose -h - 6 + 4 = 0. Let f be (h/(-3))/((-32)/(-12144)). Suppose -d - 2 = 0, -4*r + 3*d + 61 = -f. Calculate the highest common factor of r and 7.
7
Let h(r) = -r**2 - r + 8. Let l be h(0). Let t(d) = -7*d**3 + 2*d**2 - 2*d + 1. Let g be t(1). Let o = g + 46. Calculate the greatest common divisor of o and l.
8
Let k = 23 + -7. Let v = k + -9. What is the greatest common divisor of 7 and v?
7
Let g be (-8)/(-28)*70/5. Suppose g*d + 2*d = 192. What is the highest common factor of 160 and d?
32
Let v(w) = 122*w - 684. Let q be v(6). Let z = -11 + 27. Let n be (2 - 5)/((-6)/z). What is the highest common divisor of n and q?
8
Let d be 3/(-6) - (-436)/8. Let n = d + -26. Suppose -2*g + n = 3*l - 49, 37 = l - 5*g. Calculate the greatest common divisor of 18 and l.
9
Suppose 94*p - 90 = 84*p. What is the highest common divisor of 144 and p?
9
Suppose l + 37 = 2*a, -5*a - l = -73 - 37. Let q(k) = 2*k**2 + 5*k + 4. Let s be q(-3). What is the greatest common factor of s and a?
7
Suppose 3*d - 102 = -0*d. Suppose -103*r + 1479 = -16*r. Calculate the highest common factor of d and r.
17
Suppose -28*q + 27*q = -15. What is the greatest common factor of q and 165?
15
Let n = -863 - -1087. What is the highest common factor of 196 and n?
28
Suppose 90 = 6*r - 108. Let q(w) = -w**3 + 2. Let o be q(0). Let t be 3/(o - (-123)/(-66)). What is the greatest common factor of r and t?
11
Let f = -158 + 183. Calculate the greatest common factor of f and 1.
1
Let o = 0 - 4. Let j be (-4)/14*28/o. Suppose -n + 4 = 5*r - 88, 70 = 4*r + j*n. What is the highest common divisor of 76 and r?
19
Suppose -24*h - 1000 = -3016. What is the greatest common factor of h and 21?
21
Let f(r) = 6*r - 56. Let i be f(11). Let k(j) = -j**3 - 8*j**2 + 8*j + 11. Let s be k(-9). Calculate the greatest common divisor of i and s.
10
Suppose f = 3*f + 218. Let r = 184 + f. Suppose o = -l + r, -3*o - l + 2*l = -205. What is the highest common factor of o and 10?
10
Suppose 5*q - 152 = -52. Suppose 4*v + q = -v. Let m be 30/3 + (-8)/v. What is the highest common factor of m and 36?
12
Let u be (133 - -2)/5*(-2 - -3). Let y be 9/36 + 1510/8. Calculate the highest common divisor of u and y.
27
Let r(i) = -2*i**2 - 15*i - 2. Let c be r(-15). Let z = c - -477. What is the highest common factor of 10 and z?
10
Let h = -146 - -148. What is the greatest common factor of 2 and h?
2
Let p = -6 + 33. Calculate the highest common factor of 18 and p.
9
Let z = 383 - 223. Suppose y + y = -224. Let i = y + z. What is the greatest common divisor of 12 and i?
12
Let u = -1670 + 1820. Calculate the highest common divisor of 690 and u.
30
Let v be 340/30*(24 + (-9)/(-3)). Calculate the greatest common divisor of v and 18.
18
Let i be (0/(-1))/((-10)/(-10)). Suppose -y + 2 + 2 = i. What is the greatest common factor of y and 6?
2
Suppose 3*t - 444 - 13550 = -2*o, -2*t + 4*o = -9324. What is the greatest common divisor of t and 11?
11
Let c(k) be the second derivative of -13*k**3/6 + 2*k**2 + 5*k. Let s be c(-4). Let l be ((-4)/12)/(1/(-21)). What is the highest common divisor of l and s?
7
Let z = 64 + -73. Let q = z - -22. Calculate the highest common divisor of q and 104.
13
Suppose 0 = 2*k, 4*k + 21 = -2*i + 93. Suppose -i - 252 = -3*o. Calculate the greatest common divisor of o and 12.
12
Let u(s) = 10*s**2 - 4. Let c(h) = h**3 - 4*h**2 - 5*h - 2. Let a be c(5). Let q be u(a). What is the greatest common factor of q and 48?
12
Let i be (9 + -14)*(-21 + 2). Let v = i - 40. Suppose -w + 31 = -3*g - g, 4*g = -20. Calculate the greatest common factor of v and w.
11
Let n = 1015 - 821. Calculate the highest common divisor of n and 679.
97
Let b(j) = 5*j + 226. Let p be b(-24). Calculate the highest common factor of p and 53.
53
Let t = -70 + 120. Let s be (1 - 2)/((-5)/(-15)). Let y(m) = -4*m - 2. Let r be y(s). Calculate the greatest common factor of r and t.
10
Suppose 0 = -13*s + 346 - 229. What is the highest common divisor of s and 747?
9
Let q be (56/(-3))/(15/(-45)). What is the greatest common divisor of q and 392?
56
Suppose -69*b - 56*b + 1885 = -1365. Suppose 154 + 171 = 5*n. Calculate the greatest common factor of n and b.
13
Suppose 45 + 19 = 16*j. Calculate the greatest common factor of 68 and j.
4
Let x = 3 + 1. Suppose -4*j + 3*l + 20 = 0, -x*l + 14 + 2 = 0. Let h(m) = m**2 + 13. Let r be h(j). Calculate the greatest common divisor of 7 and r.
7
Let u be (-13)/26*1*-10. Let q be u/15*(34 - 4). Suppose -49 = -4*x + 31. Calculate the highest common factor of x and q.
10
Let d = 15 + -10. Suppose 5*c - 2*z + 10 = 218, 60 = c - d*z. What is the greatest common divisor of c and 16?
8
Suppose -5*w + 1 = 41. Let b be w/6*(91/(-14) - -5). Calculate the greatest common divisor of 30 and b.
2
Let y(i) = 18*i + 90. Let q be y(0). Let s(c) = 2*c**2 + 7*c + 1. Let g be s(-5). Suppose -2*z + g = -4. Calculate the greatest common factor of z and q.
10
Let l be 954/6 - ((-72)/9 - -7). What is the greatest common factor of l and 15?
5
Suppose 657 = 3*j - 5*z, -6*j + 5*z - 239 = -7*j. What is the greatest common factor of j and 7?
7
Let q(v) = -v**3 + 5*v**2 + 6*v + 7. Let u be q(5). Let k = u + -23. Calculate the greatest common divisor of k and 14.
14
Suppose -g + 3*h = -0 - 6, 0 = 5*h. Let p(a) = 8*a - 30. Let m be p(g). What is the highest common divisor of 144 and m?
18
Suppose 0*t + 4*t = -20. Let x be (56/(-5))/(1/t). Calculate the greatest common divisor of x and 7.
7
Let p(q) = 19*q**2 + 4*q - 14. Let u be p(5). Calculate the highest common divisor of u and 13.
13
Let d(y) = y**3 - 7*y**2 - 11*y + 7. Let h be d(8). Let m = h + 19. Suppose -m*v + 9 = 3. Calculate the highest common factor of v and 6.
3
Suppose -15*o + 75 = -10*o. Let k be (78/o)/(8/20). What is the greatest common divisor of 13 and k?
13
Let s = 88 + -70. Calculate the greatest common factor of 1818 and s.
18
Let q(n) = -7*n**2 + 97*n + 24. Let l be q(14). Suppose 4*j + 4*s = 40, -j - 3 = -4*s + 12. Calculate the greatest common divisor of j and l.
5
Let p = 360 + -235. Suppose -4*m - 112 = -312. What is the highest common factor of p and m?
25
Suppose -9*o + 8 = -13*o. Let q be ((-182)/3)/o - 2/(-3). What is the greatest common factor of q and 217?
31
Let t be 3 + (-6)/(-7 + 4). Suppose 3*f + t*o = 6*f - 10, o + 46 = 5*f. Calculate the highest common divisor of f and 40.
10
Suppose -6*t = -t - 50. Suppose -9*u - 1036 + 109 = 0. Let k = u + 173. Calculate the highest common factor of k and t.
10
Let q(z) = 19*z**2 - 12*z + 9. Let x(g) = -37*g**2 + 23*g - 19. Let s(p) = -7*q(p) - 4*x(p). Let k be s(3). What is the highest common factor of k and 186?
62
Let l(r) = -r**3 + 15*r**2 - r + 19. Let h be l(15). Suppose 0 = w - h*w + 24. Calculate the greatest common divisor of 88 and w.
8
Let i(j) = -j**3 + 8*j**2 + 6*j + 8. Suppose 25*k - 27*k = -14. Let q be i(k). What is the highest common factor of 9 and q?
9
Suppose 6166 = 36*g + 1558. Calculate the highest common divisor of g and 112.
16
Suppose 2*y - 39 = -2*y - 3*a, -24 = -y + 4*a. What is the highest common divisor of y and 234?
6
Let x(d) = -9*d - 3. Let g(q) = q**3 - 5*q**2 - 6*q - 5. Let k be g(6). Let f = 2 + k. Let n be x(f). Calculate the greatest common divisor of n and 12.
12
Suppose -40*y = 159 - 599. Let c be ((-2)/5)/((-1)/220). Calculate the highest common factor of c and y.
11
Let q be 3 + (-32)/10*1 + (-25529)/(-245). Let s(m) = -m + 2. Let t be s(0). Suppose t*g - 6*g = -52. Calculate the highest common divisor of g and q.
13
Suppose 0*h - h + 3 = 0, -5*z - 3*h = -3249. Calculate the highest common divisor of 24 and z.
24
Let v(u) = u**2 - 9*u + 104. Let a be v(7). Calculate the highest common factor of a and 108.
18
Suppose 4*g = 1353 + 11203. Calculate the highest common factor of g and 73.
73
Let p(u) = -u**2 - 15*u + 44. Let b be p(-8). What is the highest common divisor of 25 and b?
25
Suppose 126 = 23*a - 22*a. What is the greatest common divisor of 294 